{"id":127,"date":"2013-10-15T11:30:55","date_gmt":"2013-10-15T10:30:55","guid":{"rendered":"http:\/\/projektbox.lima-city.de\/TOURHOTEL\/?page_id=127"},"modified":"2015-01-23T07:41:47","modified_gmt":"2015-01-23T06:41:47","slug":"hotel","status":"publish","type":"page","link":"https:\/\/projektbox.lima-city.de\/TOURHOTEL\/","title":{"rendered":"STARTSEITE"},"content":{"rendered":"<h3><strong>Willkommen in Mein Sch\u00f6nes Hotel****<\/strong><\/h3>\n<p>Sie m\u00f6chten einen sch\u00f6nen und erlebnisreichen Urlaub umgeben von Bergen und Seen genie\u00dfen?<br \/>\nDie bezaubernde Landschaft zu Fu\u00df, auf dem Rad oder mit dem Motorrad entdecken?<br \/>\nGanz entspannt und zwanglos einen abwechslungsreichen Aktivurlaub unter Freunden machen?<\/p>\n<p><img loading=\"lazy\" class=\"alignleft size-full wp-image-1511\" src=\"http:\/\/projektbox.lima-city.de\/TOURHOTEL\/wp-content\/uploads\/hotel-531075_1920-e1421924966443.jpg\" alt=\"hotel-531075_1920\" width=\"1200\" height=\"900\" \/><\/p>\n<div id=\"kad-wp-gallery93\" class=\"kad-wp-gallery kad-light-wp-gallery clearfix kt-gallery-column-4 rowtight\"><div class=\"tcol-lg-3 tcol-md-3 tcol-sm-4 tcol-xs-6 tcol-ss-12 g_item\"><div class=\"grid_item kad_gallery_fade_in gallery_item\"><a href=\"https:\/\/projektbox.lima-city.de\/TOURHOTEL\/wp-content\/uploads\/640_1376401887.jpg\" data-rel=\"lightbox\" class=\"lightboxhover\"><img src=\"https:\/\/projektbox.lima-city.de\/TOURHOTEL\/wp-content\/uploads\/640_1376401887-300x300.jpg\" width=\"300\" height=\"300\" alt=\"\" srcset=\"https:\/\/projektbox.lima-city.de\/TOURHOTEL\/wp-content\/uploads\/640_1376401887-300x300.jpg 300w, https:\/\/projektbox.lima-city.de\/TOURHOTEL\/wp-content\/uploads\/640_1376401887-200x200.jpg 200w\" sizes=\"(max-width: 300px) 100vw, 300px\" class=\"light-dropshaddow\"\/><\/a><\/div><\/div><div class=\"tcol-lg-3 tcol-md-3 tcol-sm-4 tcol-xs-6 tcol-ss-12 g_item\"><div class=\"grid_item kad_gallery_fade_in gallery_item\"><a href=\"https:\/\/projektbox.lima-city.de\/TOURHOTEL\/wp-content\/uploads\/hotel-538766_1920.jpg\" data-rel=\"lightbox\" class=\"lightboxhover\"><img src=\"https:\/\/projektbox.lima-city.de\/TOURHOTEL\/wp-content\/uploads\/hotel-538766_1920-300x300.jpg\" width=\"300\" height=\"300\" alt=\"\" srcset=\"https:\/\/projektbox.lima-city.de\/TOURHOTEL\/wp-content\/uploads\/hotel-538766_1920-300x300.jpg 300w, https:\/\/projektbox.lima-city.de\/TOURHOTEL\/wp-content\/uploads\/hotel-538766_1920-200x200.jpg 200w, https:\/\/projektbox.lima-city.de\/TOURHOTEL\/wp-content\/uploads\/hotel-538766_1920-600x600.jpg 600w\" sizes=\"(max-width: 300px) 100vw, 300px\" class=\"light-dropshaddow\"\/><\/a><\/div><\/div><div class=\"tcol-lg-3 tcol-md-3 tcol-sm-4 tcol-xs-6 tcol-ss-12 g_item\"><div class=\"grid_item kad_gallery_fade_in gallery_item\"><a href=\"https:\/\/projektbox.lima-city.de\/TOURHOTEL\/wp-content\/uploads\/640_1397726279.jpg\" data-rel=\"lightbox\" class=\"lightboxhover\"><img src=\"https:\/\/projektbox.lima-city.de\/TOURHOTEL\/wp-content\/uploads\/640_1397726279-300x300.jpg\" width=\"300\" height=\"300\" alt=\"\" srcset=\"https:\/\/projektbox.lima-city.de\/TOURHOTEL\/wp-content\/uploads\/640_1397726279-300x300.jpg 300w, https:\/\/projektbox.lima-city.de\/TOURHOTEL\/wp-content\/uploads\/640_1397726279-200x200.jpg 200w\" sizes=\"(max-width: 300px) 100vw, 300px\" class=\"light-dropshaddow\"\/><\/a><\/div><\/div><div class=\"tcol-lg-3 tcol-md-3 tcol-sm-4 tcol-xs-6 tcol-ss-12 g_item\"><div class=\"grid_item kad_gallery_fade_in gallery_item\"><a href=\"https:\/\/projektbox.lima-city.de\/TOURHOTEL\/wp-content\/uploads\/640_1397725443.jpg\" data-rel=\"lightbox\" class=\"lightboxhover\"><img src=\"https:\/\/projektbox.lima-city.de\/TOURHOTEL\/wp-content\/uploads\/640_1397725443-300x300.jpg\" width=\"300\" height=\"300\" alt=\"\" srcset=\"https:\/\/projektbox.lima-city.de\/TOURHOTEL\/wp-content\/uploads\/640_1397725443-300x300.jpg 300w, https:\/\/projektbox.lima-city.de\/TOURHOTEL\/wp-content\/uploads\/640_1397725443-200x200.jpg 200w\" sizes=\"(max-width: 300px) 100vw, 300px\" class=\"light-dropshaddow\"\/><\/a><\/div><\/div><div class=\"tcol-lg-3 tcol-md-3 tcol-sm-4 tcol-xs-6 tcol-ss-12 g_item\"><div class=\"grid_item kad_gallery_fade_in gallery_item\"><a href=\"https:\/\/projektbox.lima-city.de\/TOURHOTEL\/wp-content\/uploads\/640_1376401868.jpg\" data-rel=\"lightbox\" class=\"lightboxhover\"><img src=\"https:\/\/projektbox.lima-city.de\/TOURHOTEL\/wp-content\/uploads\/640_1376401868-300x300.jpg\" width=\"300\" height=\"300\" alt=\"\" srcset=\"https:\/\/projektbox.lima-city.de\/TOURHOTEL\/wp-content\/uploads\/640_1376401868-300x300.jpg 300w, https:\/\/projektbox.lima-city.de\/TOURHOTEL\/wp-content\/uploads\/640_1376401868-200x200.jpg 200w\" sizes=\"(max-width: 300px) 100vw, 300px\" class=\"light-dropshaddow\"\/><\/a><\/div><\/div><div class=\"tcol-lg-3 tcol-md-3 tcol-sm-4 tcol-xs-6 tcol-ss-12 g_item\"><div class=\"grid_item kad_gallery_fade_in gallery_item\"><a href=\"https:\/\/projektbox.lima-city.de\/TOURHOTEL\/wp-content\/uploads\/640_1397726268.jpg\" data-rel=\"lightbox\" class=\"lightboxhover\"><img src=\"https:\/\/projektbox.lima-city.de\/TOURHOTEL\/wp-content\/uploads\/640_1397726268-300x300.jpg\" width=\"300\" height=\"300\" alt=\"\" srcset=\"https:\/\/projektbox.lima-city.de\/TOURHOTEL\/wp-content\/uploads\/640_1397726268-300x300.jpg 300w, https:\/\/projektbox.lima-city.de\/TOURHOTEL\/wp-content\/uploads\/640_1397726268-200x200.jpg 200w\" sizes=\"(max-width: 300px) 100vw, 300px\" class=\"light-dropshaddow\"\/><\/a><\/div><\/div><div class=\"tcol-lg-3 tcol-md-3 tcol-sm-4 tcol-xs-6 tcol-ss-12 g_item\"><div class=\"grid_item kad_gallery_fade_in gallery_item\"><a href=\"https:\/\/projektbox.lima-city.de\/TOURHOTEL\/wp-content\/uploads\/640_1397725822.jpg\" data-rel=\"lightbox\" class=\"lightboxhover\"><img src=\"https:\/\/projektbox.lima-city.de\/TOURHOTEL\/wp-content\/uploads\/640_1397725822-300x300.jpg\" width=\"300\" height=\"300\" alt=\"\" srcset=\"https:\/\/projektbox.lima-city.de\/TOURHOTEL\/wp-content\/uploads\/640_1397725822-300x300.jpg 300w, https:\/\/projektbox.lima-city.de\/TOURHOTEL\/wp-content\/uploads\/640_1397725822-200x200.jpg 200w\" sizes=\"(max-width: 300px) 100vw, 300px\" class=\"light-dropshaddow\"\/><\/a><\/div><\/div><div class=\"tcol-lg-3 tcol-md-3 tcol-sm-4 tcol-xs-6 tcol-ss-12 g_item\"><div class=\"grid_item kad_gallery_fade_in gallery_item\"><a href=\"https:\/\/projektbox.lima-city.de\/TOURHOTEL\/wp-content\/uploads\/640_1313681953.jpg\" data-rel=\"lightbox\" class=\"lightboxhover\"><img src=\"https:\/\/projektbox.lima-city.de\/TOURHOTEL\/wp-content\/uploads\/640_1313681953-300x300.jpg\" width=\"300\" height=\"300\" alt=\"\" srcset=\"https:\/\/projektbox.lima-city.de\/TOURHOTEL\/wp-content\/uploads\/640_1313681953-300x300.jpg 300w, https:\/\/projektbox.lima-city.de\/TOURHOTEL\/wp-content\/uploads\/640_1313681953-200x200.jpg 200w\" sizes=\"(max-width: 300px) 100vw, 300px\" class=\"light-dropshaddow\"\/><\/a><\/div><\/div><\/div>\n<p><strong>Dann finden Sie im Mein Sch\u00f6nes Hotel genau das Richtige!<\/strong><br \/>\nWir bieten unseren G\u00e4sten nicht nur die Annehmlichkeiten eines Urlaubshotels, sondern auch ein vielf\u00e4ltiges Aktivprogramm. W\u00e4hlen Sie aus unserem Angebot das passende Urlaubspaket und freuen Sie sich auf die vielen sportlichen M\u00f6glichkeiten.<br \/>\nNat\u00fcrlich finden Sie hier auch den idealen Platz zur Entspannung und Erholung \u2013 perfekt zum faulenzen und \u201cabh\u00e4ngen\u201d.<br \/>\nLassen Sie sich von unserem Serviceteam verw\u00f6hnen \u2013 wir sind gerne f\u00fcr Sie da.<\/p>\n","protected":false},"excerpt":{"rendered":"<p>Sie m\u00f6chten einen sch\u00f6nen und erlebnisreichen Urlaub umgeben von Bergen und Seen genie\u00dfen? Die bezaubernde Landschaft S\u00fcdk\u00e4rntens zu Fu\u00df, auf dem Rad oder mit dem Motorrad entdecken?<br \/>\nDann finden Sie hier genau das Richtige!<\/p>\n","protected":false},"author":1,"featured_media":0,"parent":0,"menu_order":1,"comment_status":"closed","ping_status":"closed","template":"","meta":{"kt_blocks_editor_width":""},"_links":{"self":[{"href":"https:\/\/projektbox.lima-city.de\/TOURHOTEL\/wp-json\/wp\/v2\/pages\/127"}],"collection":[{"href":"https:\/\/projektbox.lima-city.de\/TOURHOTEL\/wp-json\/wp\/v2\/pages"}],"about":[{"href":"https:\/\/projektbox.lima-city.de\/TOURHOTEL\/wp-json\/wp\/v2\/types\/page"}],"author":[{"embeddable":true,"href":"https:\/\/projektbox.lima-city.de\/TOURHOTEL\/wp-json\/wp\/v2\/users\/1"}],"replies":[{"embeddable":true,"href":"https:\/\/projektbox.lima-city.de\/TOURHOTEL\/wp-json\/wp\/v2\/comments?post=127"}],"version-history":[{"count":0,"href":"https:\/\/projektbox.lima-city.de\/TOURHOTEL\/wp-json\/wp\/v2\/pages\/127\/revisions"}],"wp:attachment":[{"href":"https:\/\/projektbox.lima-city.de\/TOURHOTEL\/wp-json\/wp\/v2\/media?parent=127"}],"curies":[{"name":"wp","href":"https:\/\/api.w.org\/{rel}","templated":true}]}}