{"id":148,"date":"2013-10-16T12:02:14","date_gmt":"2013-10-16T10:02:14","guid":{"rendered":"http:\/\/projektbox.lima-city.de\/TOURHOTEL\/?page_id=148"},"modified":"2014-12-10T08:48:05","modified_gmt":"2014-12-10T07:48:05","slug":"ueber-uns","status":"publish","type":"page","link":"https:\/\/projektbox.lima-city.de\/TOURHOTEL\/ueber-uns\/","title":{"rendered":"\u00dcBER UNS"},"content":{"rendered":"<h3>D\u00fcrfen wir uns vorstellen?<\/h3>\n<p>Im Mein Sch\u00f6nes Hotel*** wird auf pers\u00f6nlichen Kontakt zu den G\u00e4sten gro\u00dfter Wert gelegt.<\/p>\n<p><img loading=\"lazy\" class=\"alignleft size-medium wp-image-1526\" src=\"http:\/\/projektbox.lima-city.de\/TOURHOTEL\/wp-content\/uploads\/490009_original_R_K_by_Konstantin-Gastmann_pixelio.de_-480x326.jpg\" alt=\"490009_original_R_K_by_Konstantin Gastmann_pixelio.de\" width=\"480\" height=\"326\" srcset=\"https:\/\/projektbox.lima-city.de\/TOURHOTEL\/wp-content\/uploads\/490009_original_R_K_by_Konstantin-Gastmann_pixelio.de_-480x326.jpg 480w, https:\/\/projektbox.lima-city.de\/TOURHOTEL\/wp-content\/uploads\/490009_original_R_K_by_Konstantin-Gastmann_pixelio.de_-150x101.jpg 150w, https:\/\/projektbox.lima-city.de\/TOURHOTEL\/wp-content\/uploads\/490009_original_R_K_by_Konstantin-Gastmann_pixelio.de_-1024x695.jpg 1024w, https:\/\/projektbox.lima-city.de\/TOURHOTEL\/wp-content\/uploads\/490009_original_R_K_by_Konstantin-Gastmann_pixelio.de_-400x271.jpg 400w\" sizes=\"(max-width: 480px) 100vw, 480px\" \/>Das K\u00fcchenteam tr\u00e4gt sorgf\u00e4ltig zu den kulinarischen Gen\u00fcssen bei und schafft mit unseren guten Geistern behagliche \u201eK\u00e4rntner Gastlichkeit\u201c.<\/p>\n<p>Gastgeber Elvis unternimmt mit den G\u00e4sten sch\u00f6ne und erlebnisreiche Rad- und Mountainbiketouren. Er erz\u00e4hlt gerne bei einer gem\u00fctlichen Rast interessante und humorvolle Geschichten \u00fcber Land und Leute, auch die Kultur und die interessante Geschichte der Region kommt nicht zu kurz.<\/p>\n<p>Sohn Presley hat die 5-j\u00e4hrige Tourismusschule absolviert und sammelt Auslandserfahrung. W\u00e4hrend des Sommers ist er selbstverst\u00e4ndlich auch im Hotelbetrieb besch\u00e4ftigt.<\/p>\n<h4>Unser Haus ist auch Ihr Haus \u2013 wir freuen uns auf Ihren Besuch!<\/h4>\n","protected":false},"excerpt":{"rendered":"<p>D\u00fcrfen wir uns vorstellen? Im Mein Sch\u00f6nes Hotel*** wird auf pers\u00f6nlichen Kontakt zu den G\u00e4sten gro\u00dfter Wert gelegt. Das K\u00fcchenteam tr\u00e4gt sorgf\u00e4ltig zu den kulinarischen Gen\u00fcssen bei und schafft mit unseren guten Geistern behagliche \u201eK\u00e4rntner Gastlichkeit\u201c. Gastgeber Elvis unternimmt mit &hellip; <a href=\"https:\/\/projektbox.lima-city.de\/TOURHOTEL\/ueber-uns\/\">Weiter<\/a><\/p>\n","protected":false},"author":1,"featured_media":0,"parent":0,"menu_order":10,"comment_status":"closed","ping_status":"closed","template":"","meta":{"kt_blocks_editor_width":""},"_links":{"self":[{"href":"https:\/\/projektbox.lima-city.de\/TOURHOTEL\/wp-json\/wp\/v2\/pages\/148"}],"collection":[{"href":"https:\/\/projektbox.lima-city.de\/TOURHOTEL\/wp-json\/wp\/v2\/pages"}],"about":[{"href":"https:\/\/projektbox.lima-city.de\/TOURHOTEL\/wp-json\/wp\/v2\/types\/page"}],"author":[{"embeddable":true,"href":"https:\/\/projektbox.lima-city.de\/TOURHOTEL\/wp-json\/wp\/v2\/users\/1"}],"replies":[{"embeddable":true,"href":"https:\/\/projektbox.lima-city.de\/TOURHOTEL\/wp-json\/wp\/v2\/comments?post=148"}],"version-history":[{"count":0,"href":"https:\/\/projektbox.lima-city.de\/TOURHOTEL\/wp-json\/wp\/v2\/pages\/148\/revisions"}],"wp:attachment":[{"href":"https:\/\/projektbox.lima-city.de\/TOURHOTEL\/wp-json\/wp\/v2\/media?parent=148"}],"curies":[{"name":"wp","href":"https:\/\/api.w.org\/{rel}","templated":true}]}}