{"id":205,"date":"2013-10-04T16:53:14","date_gmt":"2013-10-04T14:53:14","guid":{"rendered":"http:\/\/projektbox.lima-city.de\/TOURHOTEL\/?post_type=hp_highlights&#038;p=205"},"modified":"2014-12-10T07:02:56","modified_gmt":"2014-12-10T06:02:56","slug":"angeln-fischen","status":"publish","type":"page","link":"https:\/\/projektbox.lima-city.de\/TOURHOTEL\/angeln-fischen\/","title":{"rendered":"ANGELSPORT"},"content":{"rendered":"<h3><strong>Angeln und Fischen an K\u00e4rntens sauberen Seen<\/strong><\/h3>\n<p>F\u00fcr die Artenvielfalt und seine ruhigen Fischgew\u00e4sser ist K\u00e4rnten bekannt.<br \/>\nDer 1,8 km lange und rund 800 m breite Muster-See bietet mit seiner erstklassigen Wasserqualit\u00e4t die besten Voraussetzungen f\u00fcr anspruchsvolle Sportangler. Weitere sechs Seen in der Umgebung machen die Region\u00a0Muster-See zu einem der sch\u00f6nsten Reviere.<\/p>\n<p><img loading=\"lazy\" class=\"alignleft wp-image-788 size-full\" src=\"http:\/\/projektbox.lima-city.de\/TOURHOTEL\/wp-content\/uploads\/pictures_photoalbum_2004_SS_38_big_978_big.jpg\" alt=\"Fliegenfischen in S\u00fcdk\u00e4rnten und Slowenien\" width=\"480\" height=\"360\" data-id=\"788\" srcset=\"https:\/\/projektbox.lima-city.de\/TOURHOTEL\/wp-content\/uploads\/pictures_photoalbum_2004_SS_38_big_978_big.jpg 480w, https:\/\/projektbox.lima-city.de\/TOURHOTEL\/wp-content\/uploads\/pictures_photoalbum_2004_SS_38_big_978_big-400x300.jpg 400w\" sizes=\"(max-width: 480px) 100vw, 480px\" \/>Auch die hohe Kunst des Fliegenfischens kann man hier aus\u00fcben oder auch erlernen. Neben den Seen sind das Fl\u00fcsse wie die Drau, der Drau-Stausee, Gurk, Vellach und B\u00e4che der Karawanken. Auch jenseits der Staatsgrenze kann geangelt werden. Sehr beliebt ist die Savinja in Slowenien, die im Logar-Tal entspringt und \u00fcber den Seeberg- und Paulitschsattel einfach erreichbar ist.<\/p>\n","protected":false},"excerpt":{"rendered":"<p>Angeln und Fischen an K\u00e4rntens sauberen Seen.<br \/>\nF\u00fcr die Artenvielfalt und seine ruhigen Fischgew\u00e4sser ist K\u00e4rnten bekannt.<br \/>\nDer 1,8 km lange und rund 800 m breite Muster-See bietet mit seiner erstklassigen Wasserqualit\u00e4t die besten Voraussetzungen f\u00fcr anspruchsvolle Sportangler.<\/p>\n","protected":false},"author":1,"featured_media":242,"parent":0,"menu_order":6,"comment_status":"closed","ping_status":"closed","template":"","meta":{"kt_blocks_editor_width":""},"_links":{"self":[{"href":"https:\/\/projektbox.lima-city.de\/TOURHOTEL\/wp-json\/wp\/v2\/pages\/205"}],"collection":[{"href":"https:\/\/projektbox.lima-city.de\/TOURHOTEL\/wp-json\/wp\/v2\/pages"}],"about":[{"href":"https:\/\/projektbox.lima-city.de\/TOURHOTEL\/wp-json\/wp\/v2\/types\/page"}],"author":[{"embeddable":true,"href":"https:\/\/projektbox.lima-city.de\/TOURHOTEL\/wp-json\/wp\/v2\/users\/1"}],"replies":[{"embeddable":true,"href":"https:\/\/projektbox.lima-city.de\/TOURHOTEL\/wp-json\/wp\/v2\/comments?post=205"}],"version-history":[{"count":0,"href":"https:\/\/projektbox.lima-city.de\/TOURHOTEL\/wp-json\/wp\/v2\/pages\/205\/revisions"}],"wp:featuredmedia":[{"embeddable":true,"href":"https:\/\/projektbox.lima-city.de\/TOURHOTEL\/wp-json\/wp\/v2\/media\/242"}],"wp:attachment":[{"href":"https:\/\/projektbox.lima-city.de\/TOURHOTEL\/wp-json\/wp\/v2\/media?parent=205"}],"curies":[{"name":"wp","href":"https:\/\/api.w.org\/{rel}","templated":true}]}}