{"id":208,"date":"2013-10-16T17:03:39","date_gmt":"2013-10-16T15:03:39","guid":{"rendered":"http:\/\/projektbox.lima-city.de\/TOURHOTEL\/?page_id=208"},"modified":"2014-12-10T07:59:59","modified_gmt":"2014-12-10T06:59:59","slug":"zimmer","status":"publish","type":"page","link":"https:\/\/projektbox.lima-city.de\/TOURHOTEL\/zimmer\/","title":{"rendered":"ZIMMER"},"content":{"rendered":"<h3>Zimmerausstattung:<\/h3>\n<p><img loading=\"lazy\" class=\"alignleft size-medium wp-image-1500\" src=\"http:\/\/projektbox.lima-city.de\/TOURHOTEL\/wp-content\/uploads\/640_1414685651-480x360.jpg\" alt=\"640_1414685651\" width=\"480\" height=\"360\" srcset=\"https:\/\/projektbox.lima-city.de\/TOURHOTEL\/wp-content\/uploads\/640_1414685651-480x360.jpg 480w, https:\/\/projektbox.lima-city.de\/TOURHOTEL\/wp-content\/uploads\/640_1414685651-150x112.jpg 150w, https:\/\/projektbox.lima-city.de\/TOURHOTEL\/wp-content\/uploads\/640_1414685651-400x300.jpg 400w, https:\/\/projektbox.lima-city.de\/TOURHOTEL\/wp-content\/uploads\/640_1414685651.jpg 640w\" sizes=\"(max-width: 480px) 100vw, 480px\" \/>Balkon, Heizung, WC und Dusche, Haarf\u00f6n, Toilettartikel, Handt\u00fccher, Internetanschluss, Kabel-TV\/SAT-TV, Radio, Telefon, Zimmersafe, automatische Weckeinrichtung. Die Familiensuiten (Elternzimmer mit angrenzendem Kinderzimmer) sind mit Babyphone und K\u00fchlschrank ausgestattet.<\/p>\n<p><img loading=\"lazy\" class=\"alignleft size-medium wp-image-1492\" src=\"http:\/\/projektbox.lima-city.de\/TOURHOTEL\/wp-content\/uploads\/640_1376401732-480x360.jpg\" alt=\"640_1376401732\" width=\"480\" height=\"360\" srcset=\"https:\/\/projektbox.lima-city.de\/TOURHOTEL\/wp-content\/uploads\/640_1376401732-480x360.jpg 480w, https:\/\/projektbox.lima-city.de\/TOURHOTEL\/wp-content\/uploads\/640_1376401732-150x112.jpg 150w, https:\/\/projektbox.lima-city.de\/TOURHOTEL\/wp-content\/uploads\/640_1376401732-400x300.jpg 400w, https:\/\/projektbox.lima-city.de\/TOURHOTEL\/wp-content\/uploads\/640_1376401732.jpg 640w\" sizes=\"(max-width: 480px) 100vw, 480px\" \/>Eigener Badestrand an der S\u00fcdpromenade mit Kabinen, Toiletten, Schlie\u00dff\u00e4chern, Strandbuffet, gen\u00fcgend Parkpl\u00e4tze, Sonnenschirme und Liegen sowie Strandk\u00f6rbe.<\/p>\n","protected":false},"excerpt":{"rendered":"<p>Zimmerausstattung: Balkon, Heizung, WC und Dusche, Haarf\u00f6n, Toilettartikel, Handt\u00fccher, Internetanschluss, Kabel-TV\/SAT-TV, Radio, Telefon, Zimmersafe, automatische Weckeinrichtung. Die Familiensuiten (Elternzimmer mit angrenzendem Kinderzimmer) sind mit Babyphone und K\u00fchlschrank ausgestattet. Eigener Badestrand an der S\u00fcdpromenade mit Kabinen, Toiletten, Schlie\u00dff\u00e4chern, Strandbuffet, gen\u00fcgend Parkpl\u00e4tze, &hellip; <a href=\"https:\/\/projektbox.lima-city.de\/TOURHOTEL\/zimmer\/\">Weiter<\/a><\/p>\n","protected":false},"author":1,"featured_media":0,"parent":0,"menu_order":22,"comment_status":"closed","ping_status":"closed","template":"","meta":{"kt_blocks_editor_width":""},"_links":{"self":[{"href":"https:\/\/projektbox.lima-city.de\/TOURHOTEL\/wp-json\/wp\/v2\/pages\/208"}],"collection":[{"href":"https:\/\/projektbox.lima-city.de\/TOURHOTEL\/wp-json\/wp\/v2\/pages"}],"about":[{"href":"https:\/\/projektbox.lima-city.de\/TOURHOTEL\/wp-json\/wp\/v2\/types\/page"}],"author":[{"embeddable":true,"href":"https:\/\/projektbox.lima-city.de\/TOURHOTEL\/wp-json\/wp\/v2\/users\/1"}],"replies":[{"embeddable":true,"href":"https:\/\/projektbox.lima-city.de\/TOURHOTEL\/wp-json\/wp\/v2\/comments?post=208"}],"version-history":[{"count":0,"href":"https:\/\/projektbox.lima-city.de\/TOURHOTEL\/wp-json\/wp\/v2\/pages\/208\/revisions"}],"wp:attachment":[{"href":"https:\/\/projektbox.lima-city.de\/TOURHOTEL\/wp-json\/wp\/v2\/media?parent=208"}],"curies":[{"name":"wp","href":"https:\/\/api.w.org\/{rel}","templated":true}]}}