{"id":353,"date":"2013-10-22T06:02:54","date_gmt":"2013-10-22T04:02:54","guid":{"rendered":"http:\/\/projektbox.lima-city.de\/TOURHOTEL\/?page_id=353"},"modified":"2014-12-10T04:32:52","modified_gmt":"2014-12-10T03:32:52","slug":"services","status":"publish","type":"page","link":"https:\/\/projektbox.lima-city.de\/TOURHOTEL\/services\/","title":{"rendered":"SERVICES"},"content":{"rendered":"<h3>Unsere Leistungen und Services:<\/h3>\n<p>Gef\u00fchrte Berg-, Wander-, Rad- und Mountainbiketouren. Animationsprogramm nach Saison\/Verf\u00fcgbarkeit. Fremdsprachen im Servicebereich Deutsch, Englisch, Italienisch, weitere auf Anfrage.<\/p>\n<p><img loading=\"lazy\" class=\"alignleft  wp-image-926\" src=\"http:\/\/projektbox.lima-city.de\/TOURHOTEL\/wp-content\/uploads\/desk_bell_480.jpg\" alt=\"desk_bell_480\" width=\"288\" height=\"216\" data-id=\"926\" srcset=\"https:\/\/projektbox.lima-city.de\/TOURHOTEL\/wp-content\/uploads\/desk_bell_480.jpg 480w, https:\/\/projektbox.lima-city.de\/TOURHOTEL\/wp-content\/uploads\/desk_bell_480-400x300.jpg 400w\" sizes=\"(max-width: 288px) 100vw, 288px\" \/>Bargeldlose Zahlungsm\u00f6glichkeiten: EC-MAESTRO, VISA, MASTERCARD\/EUROCARD, AMERICAN EXPRESS, DINERS CLUB<\/p>\n<p>\u25ba Markenfahrr\u00e4der (Mountainbikes, Citybikes, Touringbikes) zur kostenlosen Nutzung.<\/p>\n<p>\u25ba Wander-Rucksack und Wanderst\u00f6cke w\u00e4hrend des Aufenthalts zur kostenlosen Nutzung.<\/p>\n<p>\u25ba kostenfreier Internetzugang (WLAN).<\/p>\n<p>\u25ba Benutzung des Wellness-Bereiches (Sauna, Infrarotkabine, Solarium, Ruheraum)<\/p>\n<p>\u25ba Kostenlose Ben\u00fctzung des eigenen Badestrands<\/p>\n<p>\u25ba Kostenlose Ben\u00fctzung eines pers\u00f6nlich abgestimmten Mountain- oder Tourenbikes f\u00fcr die Dauer des Urlaubsaufenthaltes inklusive Ben\u00fctzung der Bike-Service-Garage.<\/p>\n<p>\u25ba Kein Einzelzimmerzuschlag in der gu\u0308nstigsten Saisonzeit laut Hotelpreisliste!<\/p>\n<p>\u25ba 20%-ige Greenfee-Erm\u00e4\u00dfigung am Golfpark<\/p>\n<p>\u25ba Abholservice vom n\u00e4chstgelegenen Bahnhof<\/p>\n","protected":false},"excerpt":{"rendered":"<p>Unsere Leistungen und Services: Gef\u00fchrte Berg-, Wander-, Rad- und Mountainbiketouren. Animationsprogramm nach Saison\/Verf\u00fcgbarkeit. Fremdsprachen im Servicebereich Deutsch, Englisch, Italienisch, weitere auf Anfrage. Bargeldlose Zahlungsm\u00f6glichkeiten: EC-MAESTRO, VISA, MASTERCARD\/EUROCARD, AMERICAN EXPRESS, DINERS CLUB \u25ba Markenfahrr\u00e4der (Mountainbikes, Citybikes, Touringbikes) zur kostenlosen Nutzung. \u25ba &hellip; <a href=\"https:\/\/projektbox.lima-city.de\/TOURHOTEL\/services\/\">Weiter<\/a><\/p>\n","protected":false},"author":1,"featured_media":0,"parent":0,"menu_order":18,"comment_status":"closed","ping_status":"closed","template":"","meta":{"kt_blocks_editor_width":""},"_links":{"self":[{"href":"https:\/\/projektbox.lima-city.de\/TOURHOTEL\/wp-json\/wp\/v2\/pages\/353"}],"collection":[{"href":"https:\/\/projektbox.lima-city.de\/TOURHOTEL\/wp-json\/wp\/v2\/pages"}],"about":[{"href":"https:\/\/projektbox.lima-city.de\/TOURHOTEL\/wp-json\/wp\/v2\/types\/page"}],"author":[{"embeddable":true,"href":"https:\/\/projektbox.lima-city.de\/TOURHOTEL\/wp-json\/wp\/v2\/users\/1"}],"replies":[{"embeddable":true,"href":"https:\/\/projektbox.lima-city.de\/TOURHOTEL\/wp-json\/wp\/v2\/comments?post=353"}],"version-history":[{"count":0,"href":"https:\/\/projektbox.lima-city.de\/TOURHOTEL\/wp-json\/wp\/v2\/pages\/353\/revisions"}],"wp:attachment":[{"href":"https:\/\/projektbox.lima-city.de\/TOURHOTEL\/wp-json\/wp\/v2\/media?parent=353"}],"curies":[{"name":"wp","href":"https:\/\/api.w.org\/{rel}","templated":true}]}}