{"id":585,"date":"2013-11-10T16:03:08","date_gmt":"2013-11-10T15:03:08","guid":{"rendered":"http:\/\/projektbox.lima-city.de\/TOURHOTEL\/?p=585"},"modified":"2015-08-05T06:26:08","modified_gmt":"2015-08-05T05:26:08","slug":"testseite-mit-linker-sidebar-2","status":"publish","type":"page","link":"https:\/\/projektbox.lima-city.de\/TOURHOTEL\/testseite-mit-linker-sidebar-2\/","title":{"rendered":"VERANSTALTUNGEN"},"content":{"rendered":"<h3>Veranstaltungen<\/h3>\n<p>01.05.14<\/p>\n<p>Sonderausstellung 50 Jahre Porsche.<br \/>\nF\u00fcr Auto-Liebhaber. In Gm\u00fcnd wurden von 1948 bis 1950 die ersten Autos mit dem Namen Porsche gebaut.<br \/>\nPorsche-Automuseum Helmut Pfeifhofer, Gm\u00fcnd<\/p>\n<p>02. + 03.05.14<\/p>\n<p>Orchestra Sinfonica Ciudad de Elche<br \/>\nW\u00f6rthersee-Halle, Klagenfurt,<\/p>\n<p>18.- 23.05.14<\/p>\n<p>Tour de K\u00e4rnten mit Radprofi Paco Wrolich<br \/>\nIn einer der sch\u00f6nsten Regionen Mittelk\u00e4rntens rund um den Ossiachersee und in der Region der Nockberge findet die Tour de K\u00e4rnten statt.<\/p>\n<p>28.- 29.05.14<\/p>\n<p>MTB Around Griffen, Griffen<\/p>\n<p>28.- 31.05.14<\/p>\n<p>AutoNews W\u00f6rthersee<br \/>\nGolf GTI Treffen am W\u00f6rthersee, Reifnitz<\/p>\n<p>31.05.14<\/p>\n<p>SWIManiak Open Water Festival<\/p>\n<p>F\u00fcr ambitionierte Schwimmer, Triathleten, Hobby- und Breitensportler stehen 3 Distanzen zur Auswahl.<br \/>\nDrum herum bietet das Open Water Festival viel Informatives, Spiel, Spa\u00df und Action.<\/p>\n<p>&nbsp;<\/p>\n","protected":false},"excerpt":{"rendered":"<p>Veranstaltungen Highlights<\/p>\n<p>28.- 31.05.14<br \/>\nAutoNews W\u00f6rthersee<br \/>\nGolf GTI Treffen am W\u00f6rthersee, Reifnitz<\/p>\n<p>31.05.14<br \/>\nSWIManiak Open Water Festival<br \/>\nF\u00fcr ambitionierte Schwimmer, Triathleten, Hobby- und Breitensportler stehen 3 Distanzen zur Auswahl.<br \/>\nDrum herum bietet das Open Water Festival viel Informatives, Spiel, Spa\u00df und Action. Klopeiner See<\/p>\n<p>29.06.14<br \/>\nIRONMAN Austria<\/p>\n<p>26.07.14<br \/>\nRendezvous mit den Stars der Volksmusik.<br \/>\nWenn die Musi spielt Sommer Open Air, Bad Kleinkirchheim<\/p>\n<p>27.07.- 03.08.14 (inoffiziell\/voraussichtlich)<br \/>\nBeach Volleyball Grand Slam<br \/>\nin Klagenfurt am W\u00f6rthersee<\/p>\n","protected":false},"author":1,"featured_media":320,"parent":0,"menu_order":2,"comment_status":"closed","ping_status":"closed","template":"","meta":{"kt_blocks_editor_width":""},"_links":{"self":[{"href":"https:\/\/projektbox.lima-city.de\/TOURHOTEL\/wp-json\/wp\/v2\/pages\/585"}],"collection":[{"href":"https:\/\/projektbox.lima-city.de\/TOURHOTEL\/wp-json\/wp\/v2\/pages"}],"about":[{"href":"https:\/\/projektbox.lima-city.de\/TOURHOTEL\/wp-json\/wp\/v2\/types\/page"}],"author":[{"embeddable":true,"href":"https:\/\/projektbox.lima-city.de\/TOURHOTEL\/wp-json\/wp\/v2\/users\/1"}],"replies":[{"embeddable":true,"href":"https:\/\/projektbox.lima-city.de\/TOURHOTEL\/wp-json\/wp\/v2\/comments?post=585"}],"version-history":[{"count":1,"href":"https:\/\/projektbox.lima-city.de\/TOURHOTEL\/wp-json\/wp\/v2\/pages\/585\/revisions"}],"predecessor-version":[{"id":1551,"href":"https:\/\/projektbox.lima-city.de\/TOURHOTEL\/wp-json\/wp\/v2\/pages\/585\/revisions\/1551"}],"wp:featuredmedia":[{"embeddable":true,"href":"https:\/\/projektbox.lima-city.de\/TOURHOTEL\/wp-json\/wp\/v2\/media\/320"}],"wp:attachment":[{"href":"https:\/\/projektbox.lima-city.de\/TOURHOTEL\/wp-json\/wp\/v2\/media?parent=585"}],"curies":[{"name":"wp","href":"https:\/\/api.w.org\/{rel}","templated":true}]}}