{"id":634,"date":"2013-11-12T07:10:41","date_gmt":"2013-11-12T05:10:41","guid":{"rendered":"http:\/\/projektbox.lima-city.de\/TOURHOTEL\/?p=634"},"modified":"2014-12-10T07:11:00","modified_gmt":"2014-12-10T06:11:00","slug":"bergwelt","status":"publish","type":"page","link":"https:\/\/projektbox.lima-city.de\/TOURHOTEL\/bergwelt\/","title":{"rendered":"BERGTOUREN"},"content":{"rendered":"<h3>Bist Du ganz oben, ist alles andere ganz unten<\/h3>\n<p>In der Freizeit etwas erleben und mit der Natur und den Bergen Freundschaft schlie\u00dfen. Energie und Kraft sammeln und die Dinge mit anderen Augen betrachten. Wandern und Bergsteigen ist Gesundung f\u00fcr Geist und Seele und einfach zu erreichen. Gepr\u00fcfte Wander- oder Bergf\u00fchrer begleiten Sie auf Ihren Touren in kleinen Gruppen oder auf Wunsch ganz privat.<\/p>\n<p><img loading=\"lazy\" class=\"alignleft size-full wp-image-784\" src=\"http:\/\/projektbox.lima-city.de\/TOURHOTEL\/wp-content\/uploads\/6780066017_11cf85c031_o_Michael-R-Perry_photo-on-flickr.jpg\" alt=\"6780066017_11cf85c031_o_Michael-R-Perry_photo-on-flickr\" width=\"480\" height=\"360\" srcset=\"https:\/\/projektbox.lima-city.de\/TOURHOTEL\/wp-content\/uploads\/6780066017_11cf85c031_o_Michael-R-Perry_photo-on-flickr.jpg 480w, https:\/\/projektbox.lima-city.de\/TOURHOTEL\/wp-content\/uploads\/6780066017_11cf85c031_o_Michael-R-Perry_photo-on-flickr-400x300.jpg 400w\" sizes=\"(max-width: 480px) 100vw, 480px\" \/>Zahlreiche Bergtouren und Almwanderungen &#8211; von famili\u00e4r-locker bis sportlich-anspruchsvoll bieten die Berge der Region Muster-See. Gut markierte, sichere Wanderwege, urige Bergh\u00fctten und eine fantastische Aussicht erwarten Sie.<\/p>\n<p><strong>Erleben Sie einen unvergesslichen Sommerurlaub und lassen Sie sich von der Sch\u00f6nheit der Landschaft bezaubern.<\/strong><\/p>\n","protected":false},"excerpt":{"rendered":"<p>Bist Du ganz oben, ist alles andere ganz unten.<br \/>\nIn der Freizeit etwas erleben und mit der Natur und den Bergen Freundschaft schlie\u00dfen. Energie und Kraft sammeln und die Dinge mit anderen Augen betrachten. Wandern und Bergsteigen ist Gesundung f\u00fcr Geist und Seele.<\/p>\n","protected":false},"author":1,"featured_media":784,"parent":0,"menu_order":3,"comment_status":"closed","ping_status":"closed","template":"","meta":{"kt_blocks_editor_width":""},"_links":{"self":[{"href":"https:\/\/projektbox.lima-city.de\/TOURHOTEL\/wp-json\/wp\/v2\/pages\/634"}],"collection":[{"href":"https:\/\/projektbox.lima-city.de\/TOURHOTEL\/wp-json\/wp\/v2\/pages"}],"about":[{"href":"https:\/\/projektbox.lima-city.de\/TOURHOTEL\/wp-json\/wp\/v2\/types\/page"}],"author":[{"embeddable":true,"href":"https:\/\/projektbox.lima-city.de\/TOURHOTEL\/wp-json\/wp\/v2\/users\/1"}],"replies":[{"embeddable":true,"href":"https:\/\/projektbox.lima-city.de\/TOURHOTEL\/wp-json\/wp\/v2\/comments?post=634"}],"version-history":[{"count":0,"href":"https:\/\/projektbox.lima-city.de\/TOURHOTEL\/wp-json\/wp\/v2\/pages\/634\/revisions"}],"wp:featuredmedia":[{"embeddable":true,"href":"https:\/\/projektbox.lima-city.de\/TOURHOTEL\/wp-json\/wp\/v2\/media\/784"}],"wp:attachment":[{"href":"https:\/\/projektbox.lima-city.de\/TOURHOTEL\/wp-json\/wp\/v2\/media?parent=634"}],"curies":[{"name":"wp","href":"https:\/\/api.w.org\/{rel}","templated":true}]}}